19 - n. What is the highest common divisor of c and w?
11
Let c(r) = r**2 + 16*r - 16. Let x be c(-17). Suppose 4*n = 1 + 3. Calculate the greatest common divisor of n and x.
1
Suppose 4*m - 2*o = 6902, 3*o + 6 - 3 = 0. Suppose 5*z + 3*i - 2*i - 1701 = 0, -5*i = -5*z + m. Calculate the greatest common factor of 11 and z.
11
Suppose -8*t + 10*t + 5*m - 218 = 0, 4*t + m = 418. What is the highest common divisor of t and 16?
8
Let f(u) = -57*u + 2. Let x be f(-1). What is the greatest common factor of 295 and x?
59
Let o(k) be the first derivative of -k**2 + 22*k - 11. Let h be o(9). What is the greatest common factor of h and 28?
4
Suppose 3*o = -3*f + 228 + 78, 3*o - 4*f - 285 = 0. Calculate the greatest common divisor of o and 1782.
99
Suppose k = -4*c + 108, -2*c = -2*k - 67 + 13. What is the highest common factor of 513 and c?
27
Let z(c) = 28*c**2 - 4*c - 2. Let h be z(-2). Let o = h - 108. What is the highest common divisor of 90 and o?
10
Suppose -37*v - n = -36*v - 14, 106 = 5*v - 4*n. Calculate the highest common divisor of v and 1071.
9
Suppose -u + 68 = 3*s, s + 3 = 5*u + 47. Calculate the greatest common divisor of 36 and s.
12
Let q(l) = -3*l**2 + 13*l + 8. Let w be q(7). Let g = w - -74. Calculate the highest common factor of g and 65.
13
Suppose 450 = -17*z + 22*z. What is the greatest common factor of 27 and z?
9
Let q(w) = -w**3 + 30*w**2 + 2*w - 48. Let v be q(30). Calculate the greatest common divisor of v and 276.
12
Let z be (-5)/20 - 137/(-4). Let m = -876 - -910. What is the greatest common factor of z and m?
34
Let l(y) = -3*y**2 + 21. Let j be l(-5). Let x = 56 + j. Calculate the greatest common divisor of x and 14.
2
Suppose x - 605 = 4*o, -16*o + 11*o + 641 = x. What is the highest common factor of x and 27?
27
Suppose -252 = -14*j + 168. Calculate the greatest common divisor of 190 and j.
10
Suppose -i - 3*f + 96 = 0, -152*i = -153*i + 5*f + 104. What is the highest common factor of i and 165?
33
Let s(i) = 2*i**2 - 20*i + 22. Let y be s(9). What is the highest common factor of 76 and y?
4
Let g be (-7 - -5) + 1*7. Suppose u + 2*i + 52 = 4*u, g*i = u. Suppose 0*s = -4*s + u. What is the highest common factor of s and 2?
1
Let u(r) = 12*r - 105. Let z be u(13). Calculate the highest common divisor of 136 and z.
17
Suppose -6*y + 10 = -5*y. Let u be (-1)/((-1)/25*1). What is the greatest common divisor of y and u?
5
Let p(s) = -s**3 - 11*s**2 + 13*s + 13. Let i be p(-11). Let w = -105 - i. What is the greatest common divisor of 225 and w?
25
Let m = -120 + 159. What is the highest common divisor of 91 and m?
13
Let s = 63 + 5. Let p = -41 + s. Let q = -120 + 138. What is the greatest common factor of p and q?
9
Let p = 13 - 9. Let w be (418/p)/(8/16). Let i be (6 - 9)/(-1*6/38). Calculate the highest common divisor of i and w.
19
Suppose -3 = w - 47. Calculate the highest common divisor of 77 and w.
11
Suppose -2*i = -2*y + 322, -3*i = -12*y + 8*y + 648. Calculate the greatest common divisor of 11 and y.
11
Let u = 58 + -88. Let l = -18 - u. What is the greatest common divisor of 132 and l?
12
Suppose -965 = 5*w + 175. Let t be (-3)/(-15) + w/15. Let g be (-3)/t - (-18)/10. What is the highest common factor of g and 22?
2
Let x be (-1396)/(-6) + (-4)/(-12) - 1. What is the greatest common factor of x and 12?
4
Let b be 30 - (4/(-1) + 2). Suppose 0 = -b*v + 36*v - 92. What is the greatest common divisor of 184 and v?
23
Suppose 836 - 3761 = -5*u. Suppose 13*s = -0*s + u. What is the highest common divisor of s and 5?
5
Let w(h) = -444*h - 57. Let i be w(-3). Calculate the highest common factor of i and 30.
15
Let x = -149 - -143. Let c be 4896/160 + 1/(10/x). What is the highest common divisor of c and 12?
6
Let d = -51 - -91. Let i(r) = -90*r + 1170. Let f be i(9). What is the greatest common factor of d and f?
40
Suppose 0 = -2*r + 3*k + 706, 5*r - 3*r - 696 = -2*k. Calculate the greatest common divisor of r and 28.
14
Suppose 60 = 10*f - 5*f. Let l = 65 - -67. What is the highest common divisor of f and l?
12
Suppose 5*g = -s + 37, -2*g - 3*s = 2*s - 24. Let a = 32 - g. Suppose -3*q + 6 = -9. What is the highest common divisor of a and q?
5
Suppose 5*k = 3*l - 23, 3*l = -5*k + 2 + 11. Calculate the highest common factor of 12 and l.
6
Suppose -3*l + 4 = -l. Let y be 4*l - (-8 - -6). Suppose -8 = -3*t + y. What is the highest common divisor of 12 and t?
6
Let z = 11 - 6. Suppose -80 = -z*d + s, -3*s - 24 = -9. Calculate the highest common divisor of d and 5.
5
Suppose 16*f - 155 - 2165 = 0. Let s = 7 - -10. Suppose -5*q - s + 2 = 0, 3*r = 4*q + 99. What is the greatest common divisor of f and r?
29
Suppose 0 = -3*n + 2*h + 19, 3*n + h - 13 = 2*n. Suppose 0 = b + 10 + 3. Let s = 23 - b. What is the greatest common factor of s and n?
9
Let t(l) = -16*l - 273. Let h be t(-18). Calculate the highest common factor of h and 45.
15
Let c(j) = 2*j + 67. Let d be c(22). Suppose l - 5*t = 127 - 43, l = 2*t + 78. Calculate the greatest common factor of d and l.
37
Suppose o - 4 = -2*c - 3, 4*o + 29 = 3*c. Let v = -18 + 16. Let d be -3 + 5 - (v + -8). Calculate the greatest common divisor of d and c.
3
Let p = -46 + 53. Suppose -3*j = -5*u - 2 + p, -3*j - 2*u + 23 = 0. What is the highest common factor of 45 and j?
5
Let c = 4137 + -4067. Suppose -5*v = -4*z + 41, 0*v - 4*v + 68 = 4*z. What is the greatest common divisor of c and z?
14
Let h = -7 + 12. Suppose h*n + 50 = v, -4*v + 0*n = -3*n - 115. Suppose 37*p - 34*p = 525. Calculate the highest common divisor of v and p.
25
Suppose -4*i = 7*i - 66. Let k be 4 - i*2/(-3). Calculate the highest common factor of k and 8.
8
Suppose -4*h + 4*r = -52, 15 = h - 2*r + 5. Let x(u) = 6*u - 18. Let v be x(h). What is the greatest common divisor of 6 and v?
6
Suppose 0 = -5*q + 120 - 10. Let w(x) = 156*x**2 - 2. Let y be w(-1). Calculate the highest common divisor of q and y.
22
Let c be 2 - (1 + 8/4). Let k be 2*(0 + 100/5) + c. Suppose -4*l = -2*l - 52. What is the highest common factor of k and l?
13
Suppose j - 4*p = 25, 5*p = -3*j + j + 63. Let t be (j - 26)/(6/64). Calculate the highest common factor of 4 and t.
4
Let b(y) = 0*y**2 + 6*y + y**2 + 12 + 3*y**2 - 2*y**2. Let d be b(-3). What is the highest common factor of 156 and d?
12
Let y = 37 - 21. Let d be (-4)/y + 97/4. Let s be d/(3/12*2). Calculate the greatest common divisor of s and 6.
6
Let f = 868 + -766. Calculate the greatest common factor of 1224 and f.
102
Let y(d) = 2*d - 1. Let g be y(-4). Let t = g + 13. Suppose 2*v + u = 39, 2*v + 2*u = t*u + 24. Calculate the highest common divisor of v and 187.
17
Suppose 2*g = 8*g - 18. Suppose b - v - 131 = 0, -b - v = g*v - 106. Calculate the highest common factor of b and 18.
18
Let o(l) = -16 - 5*l + 3*l + 4. Let f be o(-7). Suppose 3*v + 2*x = 316, v - 2*x - 124 = f*x. What is the greatest common divisor of v and 12?
12
Suppose 0 = v - 3*k + 289, -6*v + 8*v + k + 592 = 0. Let q = -292 - v. Let o be 16 + (0 - (0 + 1)). What is the greatest common factor of q and o?
3
Let o = 385 + -345. What is the highest common divisor of 10 and o?
10
Let f = 13 + -2. Let q(a) = -a**2 + 4*a - 7*a + 6*a + 11*a - 6. Let h be q(f). Calculate the greatest common divisor of 27 and h.
27
Let r be (114/5)/((-5)/(-75)). What is the greatest common divisor of 12 and r?
6
Suppose -23*v + 384 = 315. Calculate the greatest common divisor of 27 and v.
3
Let m be ((-70)/(-21))/(-10)*6/(-1). What is the greatest common factor of 1 and m?
1
Let q = -48 + 52. Suppose q*o = 107 + 473. Calculate the highest common factor of o and 29.
29
Let t(v) = v**3 + 8*v**2 + 2*v - 2. Let d be t(-7). Suppose -3*m - d = -3*k, 8 - 60 = -5*k + 4*m. Calculate the greatest common factor of k and 72.
8
Suppose 8*o - 5*o - 78 = 0. Calculate the greatest common factor of 975 and o.
13
Let k be -6 - (-7 - 3) - (6 + -1). Let m(l) = 13*l**2 + 3*l + 2. Let g be m(k). Calculate the greatest common factor of g and 42.
6
Let f(z) = 6*z + 50. Let u be f(-8). Let v = -13 + 35. What is the highest common factor of u and v?
2
Suppose 2*w - 1408 = -2*m, 2*m = 15*w - 20*w + 1408. What is the greatest common factor of 11 and m?
11
Let q = -503 - -515. What is the greatest common factor of q and 128?
4
Suppose -2*v + 3*v = -1. Let f = v - -